{"version":"1.0","provider_name":"Accion Colombia","provider_url":"https:\/\/accioncolombia.org\/en","author_name":"accionct25","author_url":"https:\/\/accioncolombia.org\/en\/author\/accionct25\/","title":"Isabella Sanchez - Accion Colombia","type":"rich","width":600,"height":338,"html":"<blockquote class=\"wp-embedded-content\" data-secret=\"84n5Xoni3Y\"><a href=\"https:\/\/accioncolombia.org\/en\/junta-directiva\/isabella-sanchez\/\">Isabella Sanchez<\/a><\/blockquote><iframe sandbox=\"allow-scripts\" security=\"restricted\" src=\"https:\/\/accioncolombia.org\/en\/junta-directiva\/isabella-sanchez\/embed\/#?secret=84n5Xoni3Y\" width=\"600\" height=\"338\" title=\"&#8220;Isabella Sanchez&#8221; &#8212; Accion Colombia\" data-secret=\"84n5Xoni3Y\" frameborder=\"0\" marginwidth=\"0\" marginheight=\"0\" scrolling=\"no\" class=\"wp-embedded-content\"><\/iframe><script>\n\/*! This file is auto-generated *\/\n!function(d,l){\"use strict\";l.querySelector&&d.addEventListener&&\"undefined\"!=typeof URL&&(d.wp=d.wp||{},d.wp.receiveEmbedMessage||(d.wp.receiveEmbedMessage=function(e){var t=e.data;if((t||t.secret||t.message||t.value)&&!\/[^a-zA-Z0-9]\/.test(t.secret)){for(var s,r,n,a=l.querySelectorAll('iframe[data-secret=\"'+t.secret+'\"]'),o=l.querySelectorAll('blockquote[data-secret=\"'+t.secret+'\"]'),c=new RegExp(\"^https?:$\",\"i\"),i=0;i<o.length;i++)o[i].style.display=\"none\";for(i=0;i<a.length;i++)s=a[i],e.source===s.contentWindow&&(s.removeAttribute(\"style\"),\"height\"===t.message?(1e3<(r=parseInt(t.value,10))?r=1e3:~~r<200&&(r=200),s.height=r):\"link\"===t.message&&(r=new URL(s.getAttribute(\"src\")),n=new URL(t.value),c.test(n.protocol))&&n.host===r.host&&l.activeElement===s&&(d.top.location.href=t.value))}},d.addEventListener(\"message\",d.wp.receiveEmbedMessage,!1),l.addEventListener(\"DOMContentLoaded\",function(){for(var e,t,s=l.querySelectorAll(\"iframe.wp-embedded-content\"),r=0;r<s.length;r++)(t=(e=s[r]).getAttribute(\"data-secret\"))||(t=Math.random().toString(36).substring(2,12),e.src+=\"#?secret=\"+t,e.setAttribute(\"data-secret\",t)),e.contentWindow.postMessage({message:\"ready\",secret:t},\"*\")},!1)))}(window,document);\n\/\/# sourceURL=https:\/\/accioncolombia.org\/wp-includes\/js\/wp-embed.min.js\n<\/script>","description":"Isabella Sanchez Administradora de Redes Sociales Isabella S\u00e1nchez Casta\u00f1eda dirige la comunicaci\u00f3n y la presencia en las redes sociales de Acci\u00f3n Colombia. Nacida en Cali, Colombia, y criada en el \u00e1rea de Filadelfia, Isabella es una apasionada de la equidad y la inclusi\u00f3n de diversas comunidades en los Estados Unidos, especialmente la comunidad Latinx. En [&hellip;]","thumbnail_url":"https:\/\/accioncolombia.org\/wp-content\/uploads\/isabella-s-p.jpg"}

Isabella Sanchez Administradora de Redes Sociales Isabella Sánchez Castañeda dirige la comunicación y la presencia en las redes sociales de Acción Colombia. Nacida en Cali, Colombia, y criada en el área de Filadelfia, Isabella es una apasionada de la equidad y la inclusión de diversas comunidades en los Estados Unidos, especialmente la comunidad Latinx. En [&hellip;]
