{"version":"1.0","provider_name":"Accion Colombia","provider_url":"https:\/\/accioncolombia.org\/en","author_name":"accionct25","author_url":"https:\/\/accioncolombia.org\/en\/author\/accionct25\/","title":"Jael Conde - Accion Colombia","type":"rich","width":600,"height":338,"html":"<blockquote class=\"wp-embedded-content\" data-secret=\"yp7TRiinnl\"><a href=\"https:\/\/accioncolombia.org\/en\/junta-directiva\/jael-conde\/\">Jael Conde<\/a><\/blockquote><iframe sandbox=\"allow-scripts\" security=\"restricted\" src=\"https:\/\/accioncolombia.org\/en\/junta-directiva\/jael-conde\/embed\/#?secret=yp7TRiinnl\" width=\"600\" height=\"338\" title=\"&#8220;Jael Conde&#8221; &#8212; Accion Colombia\" data-secret=\"yp7TRiinnl\" frameborder=\"0\" marginwidth=\"0\" marginheight=\"0\" scrolling=\"no\" class=\"wp-embedded-content\"><\/iframe><script>\n\/*! This file is auto-generated *\/\n!function(d,l){\"use strict\";l.querySelector&&d.addEventListener&&\"undefined\"!=typeof URL&&(d.wp=d.wp||{},d.wp.receiveEmbedMessage||(d.wp.receiveEmbedMessage=function(e){var t=e.data;if((t||t.secret||t.message||t.value)&&!\/[^a-zA-Z0-9]\/.test(t.secret)){for(var s,r,n,a=l.querySelectorAll('iframe[data-secret=\"'+t.secret+'\"]'),o=l.querySelectorAll('blockquote[data-secret=\"'+t.secret+'\"]'),c=new RegExp(\"^https?:$\",\"i\"),i=0;i<o.length;i++)o[i].style.display=\"none\";for(i=0;i<a.length;i++)s=a[i],e.source===s.contentWindow&&(s.removeAttribute(\"style\"),\"height\"===t.message?(1e3<(r=parseInt(t.value,10))?r=1e3:~~r<200&&(r=200),s.height=r):\"link\"===t.message&&(r=new URL(s.getAttribute(\"src\")),n=new URL(t.value),c.test(n.protocol))&&n.host===r.host&&l.activeElement===s&&(d.top.location.href=t.value))}},d.addEventListener(\"message\",d.wp.receiveEmbedMessage,!1),l.addEventListener(\"DOMContentLoaded\",function(){for(var e,t,s=l.querySelectorAll(\"iframe.wp-embedded-content\"),r=0;r<s.length;r++)(t=(e=s[r]).getAttribute(\"data-secret\"))||(t=Math.random().toString(36).substring(2,12),e.src+=\"#?secret=\"+t,e.setAttribute(\"data-secret\",t)),e.contentWindow.postMessage({message:\"ready\",secret:t},\"*\")},!1)))}(window,document);\n\/\/# sourceURL=https:\/\/accioncolombia.org\/wp-includes\/js\/wp-embed.min.js\n<\/script>","description":"Jael Conde Directora de Mercadeo Jael Conde es una profesional de marketing biling\u00fce con resultados acreditados en la creaci\u00f3n de campa\u00f1as de marketing innovadoras. Actualmente es la directora de community marketing de Mendoza Group. Antes de formar parte de Mendoza, se desempe\u00f1\u00f3 como directora regional de ventas para el Parque Nacional del Caf\u00e9 en Colombia, [&hellip;]","thumbnail_url":"https:\/\/accioncolombia.org\/wp-content\/uploads\/jael-c-p.jpg"}

Jael Conde Directora de Mercadeo Jael Conde es una profesional de marketing bilingüe con resultados acreditados en la creación de campañas de marketing innovadoras. Actualmente es la directora de community marketing de Mendoza Group. Antes de formar parte de Mendoza, se desempeñó como directora regional de ventas para el Parque Nacional del Café en Colombia, [&hellip;]
